{"id":2804,"date":"2023-11-30T08:06:33","date_gmt":"2023-11-30T08:06:33","guid":{"rendered":"https:\/\/siview.ai\/?post_type=recrutement&#038;p=2804"},"modified":"2024-08-08T15:48:47","modified_gmt":"2024-08-08T15:48:47","slug":"technico-commercial","status":"publish","type":"recrutement","link":"https:\/\/siview.ai\/en\/news\/recrutement\/technico-commercial\/","title":{"rendered":"Responsable Grands Comptes H\/F"},"content":{"rendered":"","protected":false},"excerpt":{"rendered":"<p>Rejoignez SiVIEW au poste de techico-commercial. Bas\u00e9 en France, vous contribuez au d\u00e9veloppement de la soci\u00e9t\u00e9 en prospectant de nouveaux centres optiques et contribuez au d\u00e9veloppement et \u00e0 la fid\u00e9lisation des clients actuels de la soci\u00e9t\u00e9.<\/p>\n","protected":false},"featured_media":2810,"template":"","class_list":["post-2804","recrutement","type-recrutement","status-publish","has-post-thumbnail","hentry"],"acf":[],"yoast_head":"<!-- This site is optimized with the Yoast SEO plugin v25.9 - https:\/\/yoast.com\/wordpress\/plugins\/seo\/ -->\n<title>Responsable Grands Comptes H\/F &#8211; SiVIEW<\/title>\n<meta name=\"description\" content=\"Rejoignez SiVIEW au poste de techico-commercial. Bas\u00e9 en France, vous contribuez au d\u00e9veloppement de la soci\u00e9t\u00e9 dans le secteur de l&#039;optique.\" \/>\n<meta name=\"robots\" content=\"index, follow, max-snippet:-1, max-image-preview:large, max-video-preview:-1\" \/>\n<link rel=\"canonical\" href=\"https:\/\/siview.ai\/en\/news\/recrutement\/technico-commercial\/\" \/>\n<meta property=\"og:locale\" content=\"en_US\" \/>\n<meta property=\"og:type\" content=\"article\" \/>\n<meta property=\"og:title\" content=\"Responsable Grands Comptes H\/F &#8211; SiVIEW\" \/>\n<meta property=\"og:description\" content=\"Rejoignez SiVIEW au poste de techico-commercial. Bas\u00e9 en France, vous contribuez au d\u00e9veloppement de la soci\u00e9t\u00e9 dans le secteur de l&#039;optique.\" \/>\n<meta property=\"og:url\" content=\"https:\/\/siview.ai\/en\/news\/recrutement\/technico-commercial\/\" \/>\n<meta property=\"og:site_name\" content=\"SiVIEW\" \/>\n<meta property=\"article:modified_time\" content=\"2024-08-08T15:48:47+00:00\" \/>\n<meta property=\"og:image\" content=\"https:\/\/siview.ai\/wp-content\/uploads\/2023\/11\/gabrielle-henderson-HJckKnwCXxQ-unsplash-scaled.jpg\" \/>\n\t<meta property=\"og:image:width\" content=\"2560\" \/>\n\t<meta property=\"og:image:height\" content=\"1707\" \/>\n\t<meta property=\"og:image:type\" content=\"image\/jpeg\" \/>\n<meta name=\"twitter:card\" content=\"summary_large_image\" \/>\n<meta name=\"twitter:label1\" content=\"Est. reading time\" \/>\n\t<meta name=\"twitter:data1\" content=\"1 minute\" \/>\n<script type=\"application\/ld+json\" class=\"yoast-schema-graph\">{\"@context\":\"https:\/\/schema.org\",\"@graph\":[{\"@type\":\"WebPage\",\"@id\":\"https:\/\/siview.ai\/en\/news\/recrutement\/technico-commercial\/\",\"url\":\"https:\/\/siview.ai\/en\/news\/recrutement\/technico-commercial\/\",\"name\":\"Responsable Grands Comptes H\/F &#8211; SiVIEW\",\"isPartOf\":{\"@id\":\"https:\/\/siview.ai\/en\/#website\"},\"primaryImageOfPage\":{\"@id\":\"https:\/\/siview.ai\/en\/news\/recrutement\/technico-commercial\/#primaryimage\"},\"image\":{\"@id\":\"https:\/\/siview.ai\/en\/news\/recrutement\/technico-commercial\/#primaryimage\"},\"thumbnailUrl\":\"https:\/\/siview.ai\/wp-content\/uploads\/2023\/11\/gabrielle-henderson-HJckKnwCXxQ-unsplash-scaled.jpg\",\"datePublished\":\"2023-11-30T08:06:33+00:00\",\"dateModified\":\"2024-08-08T15:48:47+00:00\",\"description\":\"Rejoignez SiVIEW au poste de techico-commercial. Bas\u00e9 en France, vous contribuez au d\u00e9veloppement de la soci\u00e9t\u00e9 dans le secteur de l'optique.\",\"breadcrumb\":{\"@id\":\"https:\/\/siview.ai\/en\/news\/recrutement\/technico-commercial\/#breadcrumb\"},\"inLanguage\":\"en-US\",\"potentialAction\":[{\"@type\":\"ReadAction\",\"target\":[\"https:\/\/siview.ai\/en\/news\/recrutement\/technico-commercial\/\"]}]},{\"@type\":\"ImageObject\",\"inLanguage\":\"en-US\",\"@id\":\"https:\/\/siview.ai\/en\/news\/recrutement\/technico-commercial\/#primaryimage\",\"url\":\"https:\/\/siview.ai\/wp-content\/uploads\/2023\/11\/gabrielle-henderson-HJckKnwCXxQ-unsplash-scaled.jpg\",\"contentUrl\":\"https:\/\/siview.ai\/wp-content\/uploads\/2023\/11\/gabrielle-henderson-HJckKnwCXxQ-unsplash-scaled.jpg\",\"width\":2560,\"height\":1707},{\"@type\":\"BreadcrumbList\",\"@id\":\"https:\/\/siview.ai\/en\/news\/recrutement\/technico-commercial\/#breadcrumb\",\"itemListElement\":[{\"@type\":\"ListItem\",\"position\":1,\"name\":\"Home\",\"item\":\"https:\/\/siview.ai\/en\/\"},{\"@type\":\"ListItem\",\"position\":2,\"name\":\"Responsable Grands Comptes H\/F\"}]},{\"@type\":\"WebSite\",\"@id\":\"https:\/\/siview.ai\/en\/#website\",\"url\":\"https:\/\/siview.ai\/en\/\",\"name\":\"Siview\",\"description\":\"L\u2019intelligence artificielle au service de la r\u00e9fraction\",\"potentialAction\":[{\"@type\":\"SearchAction\",\"target\":{\"@type\":\"EntryPoint\",\"urlTemplate\":\"https:\/\/siview.ai\/en\/?s={search_term_string}\"},\"query-input\":{\"@type\":\"PropertyValueSpecification\",\"valueRequired\":true,\"valueName\":\"search_term_string\"}}],\"inLanguage\":\"en-US\"}]}<\/script>\n<!-- \/ Yoast SEO plugin. -->","yoast_head_json":{"title":"Responsable Grands Comptes H\/F &#8211; SiVIEW","description":"Rejoignez SiVIEW au poste de techico-commercial. Bas\u00e9 en France, vous contribuez au d\u00e9veloppement de la soci\u00e9t\u00e9 dans le secteur de l'optique.","robots":{"index":"index","follow":"follow","max-snippet":"max-snippet:-1","max-image-preview":"max-image-preview:large","max-video-preview":"max-video-preview:-1"},"canonical":"https:\/\/siview.ai\/en\/news\/recrutement\/technico-commercial\/","og_locale":"en_US","og_type":"article","og_title":"Responsable Grands Comptes H\/F &#8211; SiVIEW","og_description":"Rejoignez SiVIEW au poste de techico-commercial. Bas\u00e9 en France, vous contribuez au d\u00e9veloppement de la soci\u00e9t\u00e9 dans le secteur de l'optique.","og_url":"https:\/\/siview.ai\/en\/news\/recrutement\/technico-commercial\/","og_site_name":"SiVIEW","article_modified_time":"2024-08-08T15:48:47+00:00","og_image":[{"width":2560,"height":1707,"url":"https:\/\/siview.ai\/wp-content\/uploads\/2023\/11\/gabrielle-henderson-HJckKnwCXxQ-unsplash-scaled.jpg","type":"image\/jpeg"}],"twitter_card":"summary_large_image","twitter_misc":{"Est. reading time":"1 minute"},"schema":{"@context":"https:\/\/schema.org","@graph":[{"@type":"WebPage","@id":"https:\/\/siview.ai\/en\/news\/recrutement\/technico-commercial\/","url":"https:\/\/siview.ai\/en\/news\/recrutement\/technico-commercial\/","name":"Responsable Grands Comptes H\/F &#8211; SiVIEW","isPartOf":{"@id":"https:\/\/siview.ai\/en\/#website"},"primaryImageOfPage":{"@id":"https:\/\/siview.ai\/en\/news\/recrutement\/technico-commercial\/#primaryimage"},"image":{"@id":"https:\/\/siview.ai\/en\/news\/recrutement\/technico-commercial\/#primaryimage"},"thumbnailUrl":"https:\/\/siview.ai\/wp-content\/uploads\/2023\/11\/gabrielle-henderson-HJckKnwCXxQ-unsplash-scaled.jpg","datePublished":"2023-11-30T08:06:33+00:00","dateModified":"2024-08-08T15:48:47+00:00","description":"Rejoignez SiVIEW au poste de techico-commercial. Bas\u00e9 en France, vous contribuez au d\u00e9veloppement de la soci\u00e9t\u00e9 dans le secteur de l'optique.","breadcrumb":{"@id":"https:\/\/siview.ai\/en\/news\/recrutement\/technico-commercial\/#breadcrumb"},"inLanguage":"en-US","potentialAction":[{"@type":"ReadAction","target":["https:\/\/siview.ai\/en\/news\/recrutement\/technico-commercial\/"]}]},{"@type":"ImageObject","inLanguage":"en-US","@id":"https:\/\/siview.ai\/en\/news\/recrutement\/technico-commercial\/#primaryimage","url":"https:\/\/siview.ai\/wp-content\/uploads\/2023\/11\/gabrielle-henderson-HJckKnwCXxQ-unsplash-scaled.jpg","contentUrl":"https:\/\/siview.ai\/wp-content\/uploads\/2023\/11\/gabrielle-henderson-HJckKnwCXxQ-unsplash-scaled.jpg","width":2560,"height":1707},{"@type":"BreadcrumbList","@id":"https:\/\/siview.ai\/en\/news\/recrutement\/technico-commercial\/#breadcrumb","itemListElement":[{"@type":"ListItem","position":1,"name":"Home","item":"https:\/\/siview.ai\/en\/"},{"@type":"ListItem","position":2,"name":"Responsable Grands Comptes H\/F"}]},{"@type":"WebSite","@id":"https:\/\/siview.ai\/en\/#website","url":"https:\/\/siview.ai\/en\/","name":"Siview","description":"L\u2019intelligence artificielle au service de la r\u00e9fraction","potentialAction":[{"@type":"SearchAction","target":{"@type":"EntryPoint","urlTemplate":"https:\/\/siview.ai\/en\/?s={search_term_string}"},"query-input":{"@type":"PropertyValueSpecification","valueRequired":true,"valueName":"search_term_string"}}],"inLanguage":"en-US"}]}},"_links":{"self":[{"href":"https:\/\/siview.ai\/en\/wp-json\/wp\/v2\/recrutement\/2804","targetHints":{"allow":["GET"]}}],"collection":[{"href":"https:\/\/siview.ai\/en\/wp-json\/wp\/v2\/recrutement"}],"about":[{"href":"https:\/\/siview.ai\/en\/wp-json\/wp\/v2\/types\/recrutement"}],"wp:featuredmedia":[{"embeddable":true,"href":"https:\/\/siview.ai\/en\/wp-json\/wp\/v2\/media\/2810"}],"wp:attachment":[{"href":"https:\/\/siview.ai\/en\/wp-json\/wp\/v2\/media?parent=2804"}],"curies":[{"name":"wp","href":"https:\/\/api.w.org\/{rel}","templated":true}]}}

<p>Rejoignez SiVIEW au poste de techico-commercial. Basé en France, vous contribuez au développement de la société en prospectant de nouveaux centres optiques et contribuez au développement et à la fidélisation des clients actuels de la société.</p>

<!-- This site is optimized with the Yoast SEO plugin v25.9 - https://yoast.com/wordpress/plugins/seo/ -->
<title>Responsable Grands Comptes H/F &#8211; SiVIEW</title>
<meta name="description" content="Rejoignez SiVIEW au poste de techico-commercial. Basé en France, vous contribuez au développement de la société dans le secteur de l&#039;optique." />
<meta name="robots" content="index, follow, max-snippet:-1, max-image-preview:large, max-video-preview:-1" />
<link rel="canonical" href="https://siview.ai/en/news/recrutement/technico-commercial/" />
<meta property="og:locale" content="en_US" />
<meta property="og:type" content="article" />
<meta property="og:title" content="Responsable Grands Comptes H/F &#8211; SiVIEW" />
<meta property="og:description" content="Rejoignez SiVIEW au poste de techico-commercial. Basé en France, vous contribuez au développement de la société dans le secteur de l&#039;optique." />
<meta property="og:url" content="https://siview.ai/en/news/recrutement/technico-commercial/" />
<meta property="og:site_name" content="SiVIEW" />
<meta property="article:modified_time" content="2024-08-08T15:48:47+00:00" />
<meta property="og:image" content="https://siview.ai/wp-content/uploads/2023/11/gabrielle-henderson-HJckKnwCXxQ-unsplash-scaled.jpg" />
	<meta property="og:image:width" content="2560" />
	<meta property="og:image:height" content="1707" />
	<meta property="og:image:type" content="image/jpeg" />
<meta name="twitter:card" content="summary_large_image" />
<meta name="twitter:label1" content="Est. reading time" />
	<meta name="twitter:data1" content="1 minute" />
<script type="application/ld+json" class="yoast-schema-graph">{"@context":"https://schema.org","@graph":[{"@type":"WebPage","@id":"https://siview.ai/en/news/recrutement/technico-commercial/","url":"https://siview.ai/en/news/recrutement/technico-commercial/","name":"Responsable Grands Comptes H/F &#8211; SiVIEW","isPartOf":{"@id":"https://siview.ai/en/#website"},"primaryImageOfPage":{"@id":"https://siview.ai/en/news/recrutement/technico-commercial/#primaryimage"},"image":{"@id":"https://siview.ai/en/news/recrutement/technico-commercial/#primaryimage"},"thumbnailUrl":"https://siview.ai/wp-content/uploads/2023/11/gabrielle-henderson-HJckKnwCXxQ-unsplash-scaled.jpg","datePublished":"2023-11-30T08:06:33+00:00","dateModified":"2024-08-08T15:48:47+00:00","description":"Rejoignez SiVIEW au poste de techico-commercial. Basé en France, vous contribuez au développement de la société dans le secteur de l'optique.","breadcrumb":{"@id":"https://siview.ai/en/news/recrutement/technico-commercial/#breadcrumb"},"inLanguage":"en-US","potentialAction":[{"@type":"ReadAction","target":["https://siview.ai/en/news/recrutement/technico-commercial/"]}]},{"@type":"ImageObject","inLanguage":"en-US","@id":"https://siview.ai/en/news/recrutement/technico-commercial/#primaryimage","url":"https://siview.ai/wp-content/uploads/2023/11/gabrielle-henderson-HJckKnwCXxQ-unsplash-scaled.jpg","contentUrl":"https://siview.ai/wp-content/uploads/2023/11/gabrielle-henderson-HJckKnwCXxQ-unsplash-scaled.jpg","width":2560,"height":1707},{"@type":"BreadcrumbList","@id":"https://siview.ai/en/news/recrutement/technico-commercial/#breadcrumb","itemListElement":[{"@type":"ListItem","position":1,"name":"Home","item":"https://siview.ai/en/"},{"@type":"ListItem","position":2,"name":"Responsable Grands Comptes H/F"}]},{"@type":"WebSite","@id":"https://siview.ai/en/#website","url":"https://siview.ai/en/","name":"Siview","description":"L’intelligence artificielle au service de la réfraction","potentialAction":[{"@type":"SearchAction","target":{"@type":"EntryPoint","urlTemplate":"https://siview.ai/en/?s={search_term_string}"},"query-input":{"@type":"PropertyValueSpecification","valueRequired":true,"valueName":"search_term_string"}}],"inLanguage":"en-US"}]}</script>
<!-- / Yoast SEO plugin. -->

Rejoignez SiVIEW au poste de techico-commercial. Basé en France, vous contribuez au développement de la société dans le secteur de l'optique.

L’intelligence artificielle au service de la réfraction
